{"id":2147,"date":"2024-05-24T14:21:34","date_gmt":"2024-05-24T14:21:34","guid":{"rendered":"https:\/\/kit.usepress.com.br\/?page_id=2147"},"modified":"2024-05-24T14:44:38","modified_gmt":"2024-05-24T14:44:38","slug":"obrigado-sabrina-faciroli","status":"publish","type":"page","link":"https:\/\/kit.usepress.com.br\/index.php\/obrigado-sabrina-faciroli\/","title":{"rendered":"obrigado-sabrina-faciroli"},"content":{"rendered":"\t\t<div data-elementor-type=\"wp-page\" data-elementor-id=\"2147\" class=\"elementor elementor-2147\" data-elementor-post-type=\"page\">\n\t\t\t\t\t\t<section class=\"elementor-section elementor-top-section elementor-element elementor-element-c9f9a8e elementor-section-height-full elementor-section-boxed elementor-section-height-default elementor-section-items-middle\" data-id=\"c9f9a8e\" data-element_type=\"section\" data-settings=\"{&quot;background_background&quot;:&quot;classic&quot;}\">\n\t\t\t\t\t\t\t<div class=\"elementor-background-overlay\"><\/div>\n\t\t\t\t\t\t\t<div class=\"elementor-container elementor-column-gap-default\">\n\t\t\t\t\t<div class=\"elementor-column elementor-col-50 elementor-top-column elementor-element elementor-element-67f2874\" data-id=\"67f2874\" data-element_type=\"column\">\n\t\t\t<div class=\"elementor-widget-wrap elementor-element-populated\">\n\t\t\t\t\t\t<div class=\"elementor-element elementor-element-15a8257 elementor-widget elementor-widget-image\" data-id=\"15a8257\" data-element_type=\"widget\" data-widget_type=\"image.default\">\n\t\t\t\t<div class=\"elementor-widget-container\">\n\t\t\t\t\t\t\t\t\t\t\t\t\t\t\t<img fetchpriority=\"high\" decoding=\"async\" width=\"436\" height=\"427\" src=\"https:\/\/kit.usepress.com.br\/wp-content\/uploads\/2024\/05\/Ativo-55.png\" class=\"attachment-large size-large wp-image-2044\" alt=\"\" srcset=\"https:\/\/kit.usepress.com.br\/wp-content\/uploads\/2024\/05\/Ativo-55.png 436w, https:\/\/kit.usepress.com.br\/wp-content\/uploads\/2024\/05\/Ativo-55-300x294.png 300w\" sizes=\"(max-width: 436px) 100vw, 436px\" \/>\t\t\t\t\t\t\t\t\t\t\t\t\t\t\t<\/div>\n\t\t\t\t<\/div>\n\t\t\t\t<div class=\"elementor-element elementor-element-f150910 elementor-widget elementor-widget-heading\" data-id=\"f150910\" data-element_type=\"widget\" data-widget_type=\"heading.default\">\n\t\t\t\t<div class=\"elementor-widget-container\">\n\t\t\t\t\t<h1 class=\"elementor-heading-title elementor-size-default\">Muito Obrigado!<\/h1>\t\t\t\t<\/div>\n\t\t\t\t<\/div>\n\t\t\t\t<div class=\"elementor-element elementor-element-28a20f9 elementor-widget elementor-widget-text-editor\" data-id=\"28a20f9\" data-element_type=\"widget\" data-widget_type=\"text-editor.default\">\n\t\t\t\t<div class=\"elementor-widget-container\">\n\t\t\t\t\t\t\t\t\t<p data-pm-slice=\"1 1 []\">Sua participa\u00e7\u00e3o est\u00e1\u00a0 <span style=\"background-color: #faf9f4; color: #1b0c09;\"><strong>quase conclu\u00edda!<\/strong><\/span> \t\t\t\t\t\t\t\t<\/div>\n\t\t\t\t<\/div>\n\t\t\t\t<div class=\"elementor-element elementor-element-c4a6f21 elementor-widget elementor-widget-progress\" data-id=\"c4a6f21\" data-element_type=\"widget\" data-widget_type=\"progress.default\">\n\t\t\t\t<div class=\"elementor-widget-container\">\n\t\t\t\t\t\n\t\t<div class=\"elementor-progress-wrapper\" role=\"progressbar\" aria-valuemin=\"0\" aria-valuemax=\"100\" aria-valuenow=\"85\">\n\t\t\t<div class=\"elementor-progress-bar\" data-max=\"85\">\n\t\t\t\t<span class=\"elementor-progress-text\"><\/span>\n\t\t\t\t\t\t\t\t\t<span class=\"elementor-progress-percentage\">85%<\/span>\n\t\t\t\t\t\t\t<\/div>\n\t\t<\/div>\n\t\t\t\t\t\t<\/div>\n\t\t\t\t<\/div>\n\t\t\t\t\t<\/div>\n\t\t<\/div>\n\t\t\t\t<div class=\"elementor-column elementor-col-50 elementor-top-column elementor-element elementor-element-7eac38f elementor-hidden-tablet elementor-hidden-mobile\" data-id=\"7eac38f\" data-element_type=\"column\">\n\t\t\t<div class=\"elementor-widget-wrap elementor-element-populated\">\n\t\t\t\t\t\t<div class=\"elementor-element elementor-element-3fa986c animated-slow elementor-invisible elementor-widget elementor-widget-image\" data-id=\"3fa986c\" data-element_type=\"widget\" data-settings=\"{&quot;_animation&quot;:&quot;slideInUp&quot;}\" data-widget_type=\"image.default\">\n\t\t\t\t<div class=\"elementor-widget-container\">\n\t\t\t\t\t\t\t\t\t\t\t\t\t\t\t<img decoding=\"async\" width=\"628\" height=\"1024\" src=\"https:\/\/kit.usepress.com.br\/wp-content\/uploads\/2024\/05\/sabrina-ano-ouro-628x1024.png\" class=\"attachment-large size-large wp-image-2119\" alt=\"\" srcset=\"https:\/\/kit.usepress.com.br\/wp-content\/uploads\/2024\/05\/sabrina-ano-ouro-628x1024.png 628w, https:\/\/kit.usepress.com.br\/wp-content\/uploads\/2024\/05\/sabrina-ano-ouro-184x300.png 184w, https:\/\/kit.usepress.com.br\/wp-content\/uploads\/2024\/05\/sabrina-ano-ouro-768x1253.png 768w, https:\/\/kit.usepress.com.br\/wp-content\/uploads\/2024\/05\/sabrina-ano-ouro-942x1536.png 942w, https:\/\/kit.usepress.com.br\/wp-content\/uploads\/2024\/05\/sabrina-ano-ouro-1255x2048.png 1255w\" sizes=\"(max-width: 628px) 100vw, 628px\" \/>\t\t\t\t\t\t\t\t\t\t\t\t\t\t\t<\/div>\n\t\t\t\t<\/div>\n\t\t\t\t\t<\/div>\n\t\t<\/div>\n\t\t\t\t\t<\/div>\n\t\t<\/section>\n\t\t\t\t<footer class=\"elementor-section elementor-top-section elementor-element elementor-element-5bd512f elementor-section-boxed elementor-section-height-default elementor-section-height-default\" data-id=\"5bd512f\" data-element_type=\"section\" data-settings=\"{&quot;background_background&quot;:&quot;classic&quot;}\">\n\t\t\t\t\t\t<div class=\"elementor-container elementor-column-gap-default\">\n\t\t\t\t\t<div class=\"elementor-column elementor-col-100 elementor-top-column elementor-element elementor-element-cff57bb\" data-id=\"cff57bb\" data-element_type=\"column\">\n\t\t\t<div class=\"elementor-widget-wrap elementor-element-populated\">\n\t\t\t\t\t\t<div class=\"elementor-element elementor-element-5de0079 elementor-icon-list--layout-inline elementor-align-center elementor-list-item-link-full_width elementor-widget elementor-widget-icon-list\" data-id=\"5de0079\" data-element_type=\"widget\" data-widget_type=\"icon-list.default\">\n\t\t\t\t<div class=\"elementor-widget-container\">\n\t\t\t\t\t\t\t<ul class=\"elementor-icon-list-items elementor-inline-items\">\n\t\t\t\t\t\t\t<li class=\"elementor-icon-list-item elementor-inline-item\">\n\t\t\t\t\t\t\t\t\t\t\t<a href=\"https:\/\/kit.usepress.com.br\/index.php\/politica-de-privacidade-sabrina-faciroli\/\">\n\n\t\t\t\t\t\t\t\t\t\t\t<span class=\"elementor-icon-list-text\">Pol\u00edtica de Privacidade<\/span>\n\t\t\t\t\t\t\t\t\t\t\t<\/a>\n\t\t\t\t\t\t\t\t\t<\/li>\n\t\t\t\t\t\t\t\t<li class=\"elementor-icon-list-item elementor-inline-item\">\n\t\t\t\t\t\t\t\t\t\t\t<a href=\"https:\/\/kit.usepress.com.br\/index.php\/politica-de-privacidade-sabrina-faciroli\/\">\n\n\t\t\t\t\t\t\t\t\t\t\t<span class=\"elementor-icon-list-text\">Termos de Uso<\/span>\n\t\t\t\t\t\t\t\t\t\t\t<\/a>\n\t\t\t\t\t\t\t\t\t<\/li>\n\t\t\t\t\t\t<\/ul>\n\t\t\t\t\t\t<\/div>\n\t\t\t\t<\/div>\n\t\t\t\t<div class=\"elementor-element elementor-element-fdb258d elementor-widget elementor-widget-heading\" data-id=\"fdb258d\" data-element_type=\"widget\" data-widget_type=\"heading.default\">\n\t\t\t\t<div class=\"elementor-widget-container\">\n\t\t\t\t\t<p class=\"elementor-heading-title elementor-size-default\">Todos os direitos reservados \u00a9 Sabrina Faciroli  \u2013 2024<\/p>\t\t\t\t<\/div>\n\t\t\t\t<\/div>\n\t\t\t\t\t<\/div>\n\t\t<\/div>\n\t\t\t\t\t<\/div>\n\t\t<\/footer>\n\t\t\t\t<\/div>\n\t\t","protected":false},"excerpt":{"rendered":"<p>Muito Obrigado! Sua participa\u00e7\u00e3o est\u00e1\u00a0 quase conclu\u00edda! 85% Pol\u00edtica de Privacidade Termos de Uso Todos os direitos reservados \u00a9 Sabrina Faciroli \u2013 2024<\/p>\n","protected":false},"author":1,"featured_media":0,"parent":0,"menu_order":0,"comment_status":"closed","ping_status":"closed","template":"elementor_canvas","meta":{"om_disable_all_campaigns":false,"_mi_skip_tracking":false,"footnotes":""},"class_list":["post-2147","page","type-page","status-publish","hentry"],"aioseo_notices":[],"_links":{"self":[{"href":"https:\/\/kit.usepress.com.br\/index.php\/wp-json\/wp\/v2\/pages\/2147","targetHints":{"allow":["GET"]}}],"collection":[{"href":"https:\/\/kit.usepress.com.br\/index.php\/wp-json\/wp\/v2\/pages"}],"about":[{"href":"https:\/\/kit.usepress.com.br\/index.php\/wp-json\/wp\/v2\/types\/page"}],"author":[{"embeddable":true,"href":"https:\/\/kit.usepress.com.br\/index.php\/wp-json\/wp\/v2\/users\/1"}],"replies":[{"embeddable":true,"href":"https:\/\/kit.usepress.com.br\/index.php\/wp-json\/wp\/v2\/comments?post=2147"}],"version-history":[{"count":7,"href":"https:\/\/kit.usepress.com.br\/index.php\/wp-json\/wp\/v2\/pages\/2147\/revisions"}],"predecessor-version":[{"id":2162,"href":"https:\/\/kit.usepress.com.br\/index.php\/wp-json\/wp\/v2\/pages\/2147\/revisions\/2162"}],"wp:attachment":[{"href":"https:\/\/kit.usepress.com.br\/index.php\/wp-json\/wp\/v2\/media?parent=2147"}],"curies":[{"name":"wp","href":"https:\/\/api.w.org\/{rel}","templated":true}]}}